{"id":1763,"date":"2014-03-25T21:53:06","date_gmt":"2014-03-25T20:53:06","guid":{"rendered":"http:\/\/www.przewodnikgdanski.pl\/2014\/?page_id=1763"},"modified":"2014-05-01T18:09:24","modified_gmt":"2014-05-01T16:09:24","slug":"przewodniki-i-bedekery","status":"publish","type":"page","link":"http:\/\/www.przewodnikgdanski.pl\/2014\/enuncjacje-prasowe\/przewodniki-i-bedekery\/","title":{"rendered":"Przewodniki i bedekery"},"content":{"rendered":"<p><a href=\"http:\/\/www.przewodnikgdanski.pl\/2014\/wp-content\/uploads\/2014\/01\/Droga_Kr\u00f3lewska_Mamuszka-smallpdf.com_.pdf\">Franciszek Mamuszka &#8211; Droga Kr\u00f3lewska<\/a><\/p>\n<p><a href=\"http:\/\/www.przewodnikgdanski.pl\/2014\/wp-content\/uploads\/2013\/12\/POLSKA-NA-URLOP-I-WEEKEND-pomorze.pdf\">POLSKA NA URLOP I WEEKEND <\/a><\/p>\n<p><a href=\"http:\/\/www.przewodnikgdanski.pl\/2014\/wp-content\/uploads\/2014\/01\/Ilustrowany_przewodnik_po_Gda\u0144sku_1927.pdf\">Ilustrowany przewodnik po Gda\u0144sku (1927)<\/a><\/p>\n<p><a href=\"http:\/\/www.przewodnikgdanski.pl\/2014\/wp-content\/uploads\/2014\/01\/Pami\u0105tka-z-Gda\u0144ska.pdf\">Pami\u0105tka z Gda\u0144ska (stare fotografie)<\/a><\/p>\n<p><a href=\"http:\/\/www.przewodnikgdanski.pl\/2014\/wp-content\/uploads\/2014\/02\/L.Krzy\u017canowski-Przewodnik-Polskie-Wybrze\u017ce-Ba\u0142tyku-1981-fragemnty.pdf\">L. Krzy\u017canowski, Cz. Piskorski &#8211; Przewodnik Polskie Wybrze\u017ce Ba\u0142tyku 1981- fragmenty<\/a><\/p>\n<p><a href=\"http:\/\/www.przewodnikgdanski.pl\/2014\/wp-content\/uploads\/2014\/03\/\u017bU\u0141AWY-przewodnik-turystyczny.pdf\">\u017bU\u0141AWY &#8211; przewodnik turystyczny<\/a><\/p>\n<p><a href=\"http:\/\/www.przewodnikgdanski.pl\/2014\/wp-content\/uploads\/2014\/04\/Go\u0142\u0105bek_Dzieje-okolic-Gda\u0144ska-i-Gdyni20140409.pdf\">E. Go\u0142\u0105bek &#8211; Dzieje okolic Gda\u0144ska i Gdyni<\/a><\/p>\n<p><a href=\"http:\/\/www.przewodnikgdanski.pl\/2014\/wp-content\/uploads\/2014\/04\/Klasztor-cysters\u00f3w-w-Oliwie.pdf\">Franciszek Mamuszka &#8211; Okruchy z dziej\u00f3w, zabytki.<\/a><\/p>\n<p><a href=\"http:\/\/www.przewodnikgdanski.pl\/2014\/wp-content\/uploads\/2014\/04\/Ko\u015bci\u00f3\u0142-\u015bw.-Katarzyny-Andrzej-Januszajtis.pdf\">Andrzej Januszajtis &#8211; Ko\u015bci\u00f3\u0142 \u015bw. Katarzyny<\/a><\/p>\n<p>&nbsp;<\/p>\n<p>&nbsp;<\/p>\n<p>&nbsp;<\/p>\n","protected":false},"excerpt":{"rendered":"<p>Franciszek Mamuszka &#8211; Droga Kr\u00f3lewska POLSKA NA URLOP I WEEKEND Ilustrowany przewodnik po Gda\u0144sku (1927) Pami\u0105tka z Gda\u0144ska (stare fotografie) L. Krzy\u017canowski, Cz. Piskorski &#8211; Przewodnik Polskie Wybrze\u017ce Ba\u0142tyku 1981- fragmenty \u017bU\u0141AWY &#8211; przewodnik turystyczny E. Go\u0142\u0105bek &#8211; Dzieje okolic Gda\u0144ska i Gdyni Franciszek Mamuszka &#8211; Okruchy z dziej\u00f3w, zabytki. Andrzej Januszajtis &#8211; Ko\u015bci\u00f3\u0142 \u015bw.[&#8230;]<\/p>\n","protected":false},"author":1,"featured_media":0,"parent":438,"menu_order":0,"comment_status":"open","ping_status":"closed","template":"","meta":[],"_links":{"self":[{"href":"http:\/\/www.przewodnikgdanski.pl\/2014\/wp-json\/wp\/v2\/pages\/1763"}],"collection":[{"href":"http:\/\/www.przewodnikgdanski.pl\/2014\/wp-json\/wp\/v2\/pages"}],"about":[{"href":"http:\/\/www.przewodnikgdanski.pl\/2014\/wp-json\/wp\/v2\/types\/page"}],"author":[{"embeddable":true,"href":"http:\/\/www.przewodnikgdanski.pl\/2014\/wp-json\/wp\/v2\/users\/1"}],"replies":[{"embeddable":true,"href":"http:\/\/www.przewodnikgdanski.pl\/2014\/wp-json\/wp\/v2\/comments?post=1763"}],"version-history":[{"count":26,"href":"http:\/\/www.przewodnikgdanski.pl\/2014\/wp-json\/wp\/v2\/pages\/1763\/revisions"}],"predecessor-version":[{"id":2089,"href":"http:\/\/www.przewodnikgdanski.pl\/2014\/wp-json\/wp\/v2\/pages\/1763\/revisions\/2089"}],"up":[{"embeddable":true,"href":"http:\/\/www.przewodnikgdanski.pl\/2014\/wp-json\/wp\/v2\/pages\/438"}],"wp:attachment":[{"href":"http:\/\/www.przewodnikgdanski.pl\/2014\/wp-json\/wp\/v2\/media?parent=1763"}],"curies":[{"name":"wp","href":"https:\/\/api.w.org\/{rel}","templated":true}]}}